{"id":36,"date":"2019-07-16T22:14:29","date_gmt":"2019-07-16T22:14:29","guid":{"rendered":"https:\/\/hoergeschaedigte-ulm.de\/?page_id=36"},"modified":"2025-07-22T21:20:49","modified_gmt":"2025-07-22T19:20:49","slug":"hallo-das-sind-wir","status":"publish","type":"page","link":"https:\/\/hoergeschaedigte-ulm.de\/?page_id=36","title":{"rendered":"Hallo, das sind wir!"},"content":{"rendered":"\n<p>Wir sind eine lockere gemischte Gruppe im Alter von 0-99 Jahren mit und ohne H\u00f6rbehinderung. <\/p>\n\n\n\n<p>Die meisten von uns sind seit fr\u00fchester Kindheit schwerh\u00f6rig. Von leichter Schwerh\u00f6rigkeit bis hin zur Taubheit sind bei uns alle Schwerh\u00f6rigkeitsgrade vertreten. Auch Geh\u00f6rlose, CI-Tr\u00e4ger und H\u00f6rende sind bei uns willkommen.<\/p>\n\n\n\n<p>Hier kann jeder seine Freizeit ohne Kommunikationsbarrieren mit Freunden, Gleichgesinnten und H\u00f6renden verbringen. <\/p>\n\n\n\n<p><\/p>\n","protected":false},"excerpt":{"rendered":"<p>Wir sind eine lockere gemischte Gruppe im Alter von 0-99 Jahren mit und ohne H\u00f6rbehinderung. Die meisten von uns sind seit fr\u00fchester Kindheit schwerh\u00f6rig. Von leichter Schwerh\u00f6rigkeit bis hin zur &hellip; <a href=\"https:\/\/hoergeschaedigte-ulm.de\/?page_id=36\" class=\"more-link\"><span class=\"screen-reader-text\">\u201eHallo, das sind wir!\u201c <\/span>weiterlesen<\/a><\/p>\n","protected":false},"author":1,"featured_media":0,"parent":0,"menu_order":0,"comment_status":"closed","ping_status":"closed","template":"","meta":{"footnotes":""},"class_list":["post-36","page","type-page","status-publish","hentry"],"_links":{"self":[{"href":"https:\/\/hoergeschaedigte-ulm.de\/index.php?rest_route=\/wp\/v2\/pages\/36","targetHints":{"allow":["GET"]}}],"collection":[{"href":"https:\/\/hoergeschaedigte-ulm.de\/index.php?rest_route=\/wp\/v2\/pages"}],"about":[{"href":"https:\/\/hoergeschaedigte-ulm.de\/index.php?rest_route=\/wp\/v2\/types\/page"}],"author":[{"embeddable":true,"href":"https:\/\/hoergeschaedigte-ulm.de\/index.php?rest_route=\/wp\/v2\/users\/1"}],"replies":[{"embeddable":true,"href":"https:\/\/hoergeschaedigte-ulm.de\/index.php?rest_route=%2Fwp%2Fv2%2Fcomments&post=36"}],"version-history":[{"count":10,"href":"https:\/\/hoergeschaedigte-ulm.de\/index.php?rest_route=\/wp\/v2\/pages\/36\/revisions"}],"predecessor-version":[{"id":1458,"href":"https:\/\/hoergeschaedigte-ulm.de\/index.php?rest_route=\/wp\/v2\/pages\/36\/revisions\/1458"}],"wp:attachment":[{"href":"https:\/\/hoergeschaedigte-ulm.de\/index.php?rest_route=%2Fwp%2Fv2%2Fmedia&parent=36"}],"curies":[{"name":"wp","href":"https:\/\/api.w.org\/{rel}","templated":true}]}}

<p>Wir sind eine lockere gemischte Gruppe im Alter von 0-99 Jahren mit und ohne Hörbehinderung. </p>



<p>Die meisten von uns sind seit frühester Kindheit schwerhörig. Von leichter Schwerhörigkeit bis hin zur Taubheit sind bei uns alle Schwerhörigkeitsgrade vertreten. Auch Gehörlose, CI-Träger und Hörende sind bei uns willkommen.</p>



<p>Hier kann jeder seine Freizeit ohne Kommunikationsbarrieren mit Freunden, Gleichgesinnten und Hörenden verbringen. </p>



<p></p>

<p>Wir sind eine lockere gemischte Gruppe im Alter von 0-99 Jahren mit und ohne Hörbehinderung. Die meisten von uns sind seit frühester Kindheit schwerhörig. Von leichter Schwerhörigkeit bis hin zur &hellip; <a href="https://hoergeschaedigte-ulm.de/?page_id=36" class="more-link"><span class="screen-reader-text">„Hallo, das sind wir!“ </span>weiterlesen</a></p>
